{"id":19934,"date":"2025-07-22T13:54:36","date_gmt":"2025-07-22T10:54:36","guid":{"rendered":"https:\/\/gateistanbul.com\/?page_id=19934"},"modified":"2025-07-24T19:55:35","modified_gmt":"2025-07-24T16:55:35","slug":"%d8%a7%d9%84%d8%aa%d9%82%d9%8a%d9%8a%d9%85-%d8%a7%d9%84%d8%b9%d9%82%d8%a7%d8%b1%d9%8a","status":"publish","type":"page","link":"https:\/\/gateistanbul.com\/?page_id=19934","title":{"rendered":"\u0627\u0644\u062a\u0642\u064a\u064a\u0645 \u0627\u0644\u0639\u0642\u0627\u0631\u064a"},"content":{"rendered":"\n<p>\u0644\u062f\u0649 \u0628\u0648\u0627\u0628\u0629 \u0625\u0633\u0637\u0646\u0628\u0648\u0644 \u0623\u0648 \u0645\u0646 \u062e\u0644\u0627\u0644 \u0627\u0644\u0634\u0631\u0643\u0627\u062a \u0627\u0644\u0645\u0631\u0645\u0648\u0642\u0629 \u0641\u064a \u0627\u0644\u0645\u062f\u064a\u0646\u0629 \u0645\u0642\u0627\u0631\u0646\u0629 \u0628\u0627\u0644\u062e\u062f\u0645\u0629 \u0627\u0644\u062a\u0642\u0644\u064a\u062f\u064a\u0629\u060c \u062a\u062a\u0648\u0641\u0631 \u0628\u0634\u0643\u0644 \u0639\u0627\u0645 \u062e\u062f\u0645\u062a\u0627 \u062a\u0642\u064a\u064a\u0645 \u0631\u0626\u064a\u0633\u064a\u062a\u0627\u0646:<\/p>\n\n\n\n<hr class=\"wp-block-separator has-alpha-channel-opacity\"\/>\n\n\n\n<h3 class=\"wp-block-heading\">\ud83c\udfe0 1. \u0627\u0644\u062a\u0642\u064a\u064a\u0645 \u0627\u0644\u0633\u0631\u064a\u0639 \u2013 \u0646\u0641\u0633 \u0627\u0644\u064a\u0648\u0645 <strong>(1 \u064a\u0648\u0645 \u0639\u0645\u0644)<\/strong><\/h3>\n\n\n\n<ul class=\"wp-block-list\">\n<li>\u0639\u0628\u0627\u0631\u0629 \u0639\u0646 \u062a\u0642\u0631\u064a\u0631 \u0633\u0631\u064a\u0639\u060c \u063a\u0627\u0644\u0628\u064b\u0627 \u064a\u064f\u0639\u0637\u0649 \u0628\u0639\u062f \u0632\u064a\u0627\u0631\u0629 \u0627\u0644\u0645\u062e\u062a\u0635 \u0648\u0627\u0644\u062a\u0641\u062a\u064a\u0634 \u0627\u0644\u0633\u0631\u064a\u0639 \u0644\u0644\u0645\u0648\u0642\u0639.<\/li>\n\n\n\n<li>\u064a\u062e\u062a\u0644\u0641 \u0639\u0646 \u0627\u0644\u062a\u0642\u064a\u064a\u0645 \u0627\u0644\u0631\u0633\u0645\u064a\u061b \u0644\u0627 \u064a\u064f\u0633\u062a\u062e\u062f\u0645 \u0643\u0648\u062b\u064a\u0642\u0629 \u0642\u0627\u0646\u0648\u0646\u064a\u0629 (\u0645\u062b\u0644 \u0642\u0631\u0648\u0636 \u0627\u0644\u0628\u0646\u0643\u060c \u0623\u0648 \u0627\u0644\u0645\u0639\u0627\u0645\u0644\u0627\u062a \u0627\u0644\u0631\u0633\u0645\u064a\u0629).<\/li>\n\n\n\n<li>\u0645\u062e\u0635\u0635 \u0644\u0639\u0643\u0633 <strong>\u0633\u0639\u0631 \u0627\u0644\u0633\u0648\u0642 \u0627\u0644\u062d\u0627\u0644\u064a \u0623\u0648 \u0642\u064a\u0645\u0629 \u0627\u0644\u0625\u064a\u062c\u0627\u0631 \u0627\u0644\u062a\u0642\u062f\u064a\u0631\u064a\u0629<\/strong> \u062e\u0644\u0627\u0644 <strong>\u0646\u0641\u0633 \u0627\u0644\u064a\u0648\u0645<\/strong> <a href=\"https:\/\/www.hizlidegerleme.com\/hizli-gayrimenkul-degerleme-hizmeti\/?utm_source=chatgpt.com\" target=\"_blank\" rel=\"noreferrer noopener\">H\u0131zl\u0131 Gayrimenkul De\u011ferleme<\/a>.<\/li>\n<\/ul>\n\n\n\n<hr class=\"wp-block-separator has-alpha-channel-opacity\"\/>\n\n\n\n<h3 class=\"wp-block-heading\">\ud83d\udcc4 2. \u0627\u0644\u062a\u0642\u064a\u064a\u0645 \u0627\u0644\u0631\u0633\u0645\u064a \u2013 \u062a\u0642\u0631\u064a\u0631 \u0645\u0639\u062a\u0645\u062f \u0648\u0645\u062a\u0639\u0645\u0642 <strong>(2\u20133 \u0623\u064a\u0627\u0645 \u0639\u0645\u0644)<\/strong><\/h3>\n\n\n\n<ul class=\"wp-block-list\">\n<li>\u064a\u062a\u0636\u0645\u0646 \u0645\u0631\u0627\u062c\u0639\u0629 \u0627\u0644\u0645\u0639\u0637\u064a\u0627\u062a \u0627\u0644\u0642\u0627\u0646\u0648\u0646\u064a\u0629 (\u0643\u0627\u0644\u0637\u0627\u0628\u0648 \u0648\u0627\u0644\u0628\u0646\u064a\u0627\u062a) \u0648\u0632\u064a\u0627\u0631\u0627\u062a \u0648\u0627\u0642\u0639\u064a\u0629 \u0644\u0644\u0645\u0648\u0642\u0639\u060c \u0628\u0627\u0644\u0625\u0636\u0627\u0641\u0629 \u0625\u0644\u0649 \u0645\u0642\u0627\u0631\u0646\u0629 \u0627\u0644\u0633\u0648\u0642 \u0648\u0627\u0644\u062a\u062d\u0644\u064a\u0644 \u0627\u0644\u0645\u0627\u0644\u064a.<\/li>\n\n\n\n<li>\u0644\u0644\u0628\u0646\u0648\u0643\u060c \u0627\u0644\u0634\u0631\u0643\u0627\u062a\u060c \u0627\u0644\u0623\u062c\u0627\u0646\u0628\u060c \u0623\u0648 \u0644\u0623\u064a \u0627\u0633\u062a\u062e\u062f\u0627\u0645 \u0642\u0627\u0646\u0648\u0646\u064a\u060c \u063a\u0627\u0644\u0628\u064b\u0627 \u064a\u0633\u062a\u063a\u0631\u0642 <strong>\u0645\u0646 \u064a\u0648\u0645\u064a\u0646 \u0625\u0644\u0649 3 \u0623\u064a\u0627\u0645 \u0639\u0645\u0644<\/strong> \u0641\u064a \u0627\u0644\u0645\u062f\u0646 \u0627\u0644\u0643\u0628\u0631\u0649 \u0645\u062b\u0644 \u0625\u0633\u0637\u0646\u0628\u0648\u0644\u060c \u0648\u0642\u062f \u064a\u0645\u062a\u062f \u0625\u0644\u0649 6 \u0623\u064a\u0627\u0645 \u0641\u064a \u0645\u062f\u0646 \u0623\u0635\u063a\u0631 <\/li>\n<\/ul>\n\n\n\n<hr class=\"wp-block-separator has-alpha-channel-opacity\"\/>\n\n\n\n<h3 class=\"wp-block-heading\">\u2705 \u0627\u0644\u062e\u0644\u0627\u0635\u0629 \u062d\u0633\u0628 \u062d\u0627\u062c\u062a\u0643:<\/h3>\n\n\n\n<figure class=\"wp-block-table\"><table class=\"has-fixed-layout\"><thead><tr><th>\u0646\u0648\u0639 \u0627\u0644\u062a\u0642\u064a\u064a\u0645<\/th><th>\u0627\u0644\u063a\u0631\u0636 \u0627\u0644\u0645\u0646\u0627\u0633\u0628<\/th><th>\u0627\u0644\u0645\u062f\u0629 \u0627\u0644\u0645\u062a\u0648\u0642\u0639\u0629<\/th><\/tr><\/thead><tbody><tr><td>\u0633\u0631\u064a\u0639 (\u063a\u064a\u0631 \u0631\u0633\u0645\u064a)<\/td><td>\u0645\u0639\u0631\u0641\u0629 \u0633\u0639\u0631 \u0627\u0644\u0633\u0648\u0642 \u0623\u0648 \u0627\u0644\u0625\u064a\u062c\u0627\u0631 \u0628\u0634\u0643\u0644 \u0633\u0631\u064a\u0639<\/td><td><strong>\u062e\u0644\u0627\u0644 \u064a\u0648\u0645 \u0639\u0645\u0644 \u0648\u0627\u062d\u062f<\/strong><\/td><\/tr><tr><td>\u0631\u0633\u0645\u064a \/ \u0645\u0639\u062a\u0645\u062f<\/td><td>\u0645\u0639\u0627\u0645\u0644\u0627\u062a \u0642\u0627\u0646\u0648\u0646\u064a\u0629\u060c \u0642\u0631\u0648\u0636\u060c \u0636\u0631\u064a\u0628\u0629\u060c \u062a\u0623\u0634\u064a\u0631\u0627\u062a<\/td><td><strong>2\u20133 \u0623\u064a\u0627\u0645 \u0639\u0645\u0644<\/strong><\/td><\/tr><\/tbody><\/table><\/figure>\n\n\n\n<hr class=\"wp-block-separator has-alpha-channel-opacity\"\/>\n\n\n\n<p><strong>\u0644\u0648 \u0643\u0646\u062a\u064e \u0628\u062d\u0627\u062c\u0629 \u0644\u062a\u0642\u0631\u064a\u0631 \u0633\u0631\u064a\u0639 \u0628\u0633\u0639\u0631 \u0627\u0644\u0633\u0648\u0642 \u0644\u064a\u0633 \u0623\u0643\u062b\u0631<\/strong>\u060c \u0641\u064a\u0645\u0643\u0646\u0643 \u0627\u0644\u062d\u0635\u0648\u0644 \u0639\u0644\u064a\u0647 <strong>\u062e\u0644\u0627\u0644 \u064a\u0648\u0645 \u0639\u0645\u0644<\/strong>.<\/p>\n\n\n\n<p>\u0623\u0645\u0627 \u0625\u0630\u0627 \u0643\u0627\u0646 \u0627\u0644\u063a\u0631\u0636 \u0631\u0633\u0645\u064a\u064b\u0627 (\u0645\u062b\u0644 \u0627\u0633\u062a\u062e\u062f\u0627\u0645\u0647 \u0641\u064a \u0627\u0644\u0628\u0646\u0643 \u0623\u0648 \u0623\u0645\u0627\u0645 \u0627\u0644\u062c\u0647\u0627\u062a \u0627\u0644\u0631\u0633\u0645\u064a\u0629)\u060c \u0641\u0639\u0644\u064a\u0643 \u0627\u0644\u0627\u0643\u062a\u0641\u0627\u0621 \u0628\u062a\u0642\u0631\u064a\u0631 \u0631\u0633\u0645\u064a <strong>\u062e\u0644\u0627\u0644 2 \u0625\u0644\u0649 3 \u0623\u064a\u0627\u0645 \u0639\u0645\u0644<\/strong> \u0641\u064a \u0625\u0633\u0637\u0646\u0628\u0648\u0644.<\/p>\n","protected":false},"excerpt":{"rendered":"<p>\u0644\u062f\u0649 \u0628\u0648\u0627\u0628\u0629 \u0625\u0633\u0637\u0646\u0628\u0648\u0644 \u0623\u0648 \u0645\u0646 \u062e\u0644\u0627\u0644 \u0627\u0644\u0634\u0631\u0643\u0627\u062a \u0627\u0644\u0645\u0631\u0645\u0648\u0642\u0629 \u0641\u064a \u0627\u0644\u0645\u062f\u064a\u0646\u0629 \u0645\u0642\u0627\u0631\u0646\u0629 \u0628\u0627\u0644\u062e\u062f\u0645\u0629 \u0627\u0644\u062a\u0642\u0644\u064a\u062f\u064a\u0629\u060c \u062a\u062a\u0648\u0641\u0631 \u0628\u0634\u0643\u0644 \u0639\u0627\u0645 \u062e\u062f\u0645\u062a\u0627 \u062a\u0642\u064a\u064a\u0645 \u0631\u0626\u064a\u0633\u064a\u062a\u0627\u0646: \ud83c\udfe0 1. \u0627\u0644\u062a\u0642\u064a\u064a\u0645 \u0627\u0644\u0633\u0631\u064a\u0639 \u2013 \u0646\u0641\u0633 \u0627\u0644\u064a\u0648\u0645 (1 \u064a\u0648\u0645 \u0639\u0645\u0644) \ud83d\udcc4 2. \u0627\u0644\u062a\u0642\u064a\u064a\u0645 \u0627\u0644\u0631\u0633\u0645\u064a \u2013 \u062a\u0642\u0631\u064a\u0631 \u0645\u0639\u062a\u0645\u062f \u0648\u0645\u062a\u0639\u0645\u0642 (2\u20133 \u0623\u064a\u0627\u0645 \u0639\u0645\u0644) \u2705 \u0627\u0644\u062e\u0644\u0627\u0635\u0629 \u062d\u0633\u0628 \u062d\u0627\u062c\u062a\u0643: \u0646\u0648\u0639 \u0627\u0644\u062a\u0642\u064a\u064a\u0645 \u0627\u0644\u063a\u0631\u0636 \u0627\u0644\u0645\u0646\u0627\u0633\u0628 \u0627\u0644\u0645\u062f\u0629 \u0627\u0644\u0645\u062a\u0648\u0642\u0639\u0629 \u0633\u0631\u064a\u0639 (\u063a\u064a\u0631 \u0631\u0633\u0645\u064a) \u0645\u0639\u0631\u0641\u0629 \u0633\u0639\u0631&#8230;<\/p>\n","protected":false},"author":1,"featured_media":0,"parent":0,"menu_order":0,"comment_status":"closed","ping_status":"closed","template":"","meta":{"footnotes":""},"class_list":["post-19934","page","type-page","status-publish","hentry"],"_links":{"self":[{"href":"https:\/\/gateistanbul.com\/index.php?rest_route=\/wp\/v2\/pages\/19934","targetHints":{"allow":["GET"]}}],"collection":[{"href":"https:\/\/gateistanbul.com\/index.php?rest_route=\/wp\/v2\/pages"}],"about":[{"href":"https:\/\/gateistanbul.com\/index.php?rest_route=\/wp\/v2\/types\/page"}],"author":[{"embeddable":true,"href":"https:\/\/gateistanbul.com\/index.php?rest_route=\/wp\/v2\/users\/1"}],"replies":[{"embeddable":true,"href":"https:\/\/gateistanbul.com\/index.php?rest_route=%2Fwp%2Fv2%2Fcomments&post=19934"}],"version-history":[{"count":0,"href":"https:\/\/gateistanbul.com\/index.php?rest_route=\/wp\/v2\/pages\/19934\/revisions"}],"wp:attachment":[{"href":"https:\/\/gateistanbul.com\/index.php?rest_route=%2Fwp%2Fv2%2Fmedia&parent=19934"}],"curies":[{"name":"wp","href":"https:\/\/api.w.org\/{rel}","templated":true}]}}